inder when b is divided by c?
7
Let k(b) = 3*b**3 - 7*b**2 + 5*b + 6. Let d be k(3). Suppose 0 = 42*u - d*u - 51. Calculate the remainder when 115 is divided by u.
13
Let m(n) = 7*n**2 - 2*n + 4. Let w = -10 - -13. Suppose 0 = -0*g - w*g - 3*d + 6, 0 = 2*g - 5*d - 11. What is the remainder when m(0) is divided by g?
1
Let m(k) = 0*k**3 - 34 + k**2 - k - k**3 + 48 + 15*k. Calculate the remainder when m(-5) is divided by 6.
4
Suppose -5*x = 15, 4*x = -3*c + 3*x + 3. Suppose -q + c*h + 1 + 9 = 0, 4*q - 3*h - 35 = 0. Let v = 46 + -26. What is the remainder when v is divided by q?
4
Let h be (-3)/(-12) - 18/8. Calculate the remainder when 339 + h + (-14)/(-7) is divided by 85.
84
Let l(m) be the second derivative of m**5/20 - 5*m**4/6 - 7*m**3/6 + 53*m**2 + 213*m. Calculate the remainder when 143 is divided by l(10).
35
Suppose -972 = -5*b + 3*q, 5874*b - 3*q - 180 = 5873*b. What is the remainder when 369 is divided by b?
171
Suppose 12*h - 4 = 32. Suppose 81 + 161 = 5*s + 2*w, 4*s - h*w - 212 = 0. What is the remainder when s is divided by 26?
24
Let z be (6 + (-204)/8)/((-1)/(-14)). Let o = 355 + z. Calculate the remainder when o is divided by 29.
24
Suppose 57 - 177 = -24*t. Let j be 0/(-3) + -1 + 1*14. Let l = j - 0. What is the remainder when l is divided by t?
3
Suppose 5*y - 33 = -8. Suppose 0*z - g + 15 = 4*z, y*g + 5 = -4*z. Suppose 4*p - 73 = 5*n, p - 27 = 5*n - z. Calculate the remainder when 50 is divided by p.
16
Suppose -5*q - 2*l = -50, 0*q + 5*l - 17 = q. Let k be (24 + -23)/(2/q). Suppose -k*c - c = -35. What is the remainder when c is divided by 4?
3
Suppose 8*n = 4*n + 4*r + 8, -4*r = 3*n + 29. Let d(j) = -52*j + 29. What is the remainder when d(n) is divided by 31/3*(0 + 3)?
30
Let j(y) = y**3 + 10*y**2 - 10*y + 70. Let f(p) = 6*p - 167. Let s be f(26). What is the remainder when j(s) is divided by 31?
28
Suppose 5*t = o + 1204, -20 = -o + 6*o. Calculate the remainder when ((-13)/4)/((-9)/108) is divided by (1/(-2))/((-8)/t).
9
Calculate the remainder when 6*(2/(8/1))/(1/1402) is divided by 19.
13
What is the remainder when 36 is divided by 19 - 0*11/(-143)?
17
Suppose 0 = 2*z + 2*p, -z - 4*p - 4 - 8 = 0. Suppose 0 = z*g - 5*k - 496, 295 = 4*g + 2*k - 201. Calculate the remainder when g is divided by 42.
40
Let c = 232 + -202. Calculate the remainder when 259 is divided by c.
19
Let h(x) = -127*x - 110. What is the remainder when 3075 is divided by h(-1)?
15
Suppose -15*q - 7*q + 1180 = -580. Calculate the remainder when 409 is divided by q.
9
Let b = -41 - -71. Let u(i) = 4*i - 86. Calculate the remainder when 133 is divided by u(b).
31
Let f = 16 - 2. Suppose -5*h + q = 259, h + 109 = -h - 5*q. Let u = -11 - h. What is the remainder when u is divided by f?
13
Let b(j) = 1107*j**2 + 7*j - 6. Let f be b(1). What is the remainder when (-12)/48*f/(-1) is divided by 35?
32
Calculate the remainder when (-24)/(-14)*(-10)/(-5)*42 is divided by 51.
42
What is the remainder when (2 - 3) + -58*(-176)/32 is divided by 46?
42
Suppose -5*k + 7 = w - k, -3*w + 5 = -4*k. Let s be (-3)/(w - (-12)/(-8)). Let u(g) = 3*g**2 + 3*g. Calculate the remainder when 11 is divided by u(s).
5
Let v = 11 + -3. Calculate the remainder when (168/48)/((-1)/(-24)) is divided by v.
4
Let l be ((-51)/6)/((-6)/12). Suppose -96 = -4*x + 2*q, l = x - 4*q - 0. Let h(b) = 18*b - 29. What is the remainder when x is divided by h(2)?
4
Let f = 4620 - 4596. What is the remainder when 3977 is divided by f?
17
Let b(g) = -2*g**3 + 21*g**2 + 8*g + 49. Suppose -8*s + 2*s + 522 = 0. What is the remainder when s is divided by b(11)?
7
Suppose 2 = t, -4*g + 5*t + 51 = 2773. Let h = g + 723. What is the remainder when h is divided by 14?
3
Let r(t) be the first derivative of 2*t**3/3 + t**2 + 5*t + 124. Suppose 3*m + 1 = -8. What is the remainder when r(m) is divided by 9?
8
Let k = 108 + -106. Suppose g - 2 = -1, 29 = w - k*g. What is the remainder when (-90 + 0)/(-1) + 1 is divided by w?
29
Let x(k) = 13*k**2 + 81*k - 21. Calculate the remainder when 880 is divided by x(-7).
47
Let t(b) = -300*b**3 - 4*b**2 - 6*b - 3. Let i be t(-1). Let h = 349 - i. What is the remainder when h is divided by 20?
10
Let x = 5519 + -5234. Calculate the remainder when x is divided by 60.
45
Suppose g - 430 = -4*g. Suppose x - 25 = -2*f, 5*x + 53*f = 56*f + 60. Calculate the remainder when g is divided by x.
11
Let m = -99 + 101. Suppose -4*j + m*j + 16 = 0. Let h = 42 - 15. Calculate the remainder when h is divided by j.
3
Suppose 0*c + 4*c = 576. Calculate the remainder when c is divided by ((-319)/(-121))/(163/1793).
28
Let b(f) = 3*f**2 + 29*f - 162. Let c be b(10). Suppose 20*m - 24*m = 4*x - c, 2*x + 306 = 3*m. Calculate the remainder when m is divided by 36.
32
Let h(z) = 4*z**2 - 63*z + 272. Calculate the remainder when 2311 is divided by h(7).
16
Let t(o) = o**3 + o**2 + 3*o - 11. Suppose -v + 107 = 2*x, 7*v - 460 = 2*v + 5*x. What is the remainder when v is divided by t(3)?
29
Let p(n) = -2*n**2 - 23*n - 2. Let m = 168 + -178. What is the remainder when p(m) is divided by (-1)/5 + 153/15?
8
Let r(a) = 22*a**2 + 1. Suppose 1 = -b + 2. Let j = 67508 - 67501. Calculate the remainder when r(b) is divided by j.
2
Suppose 4*x = 4*u - 188, 0 = 5*u + 3*x - 22 - 189. Let a(t) = t**2 - 45*t - 6119. Calculate the remainder when u is divided by a(-59).
10
Let a be (-3479)/(-9) - (-4)/9. Let t = a + -378. What is the remainder when 95 is divided by t?
5
Suppose -101 - 17 = -2*t. Calculate the remainder when t is divided by (504/(-60))/(-14) + (-67)/(-5).
3
Suppose 253 = 3*n - 2*y + y, 3*n - 5*y = 233. Let o(g) = g**3 + 16*g**2 - 26*g + 198. What is the remainder when (0 + 1)*(n + 1) is divided by o(-18)?
15
Let h(q) = 3*q**3 - 8*q**2 + 5*q. Let s be h(4). Let l be ((-52)/(-14) - 2)/((-8)/s). Let v = 24 + l. Calculate the remainder when 21 is divided by v.
3
Suppose 4*c - 96 = c - 4*l, 0 = -3*c + 3*l + 96. Suppose 0 = -24*k + 1435 + 27125. Suppose -1214 + k = -2*a. Calculate the remainder when c is divided by a.
8
Let q = -1066 - -1068. Suppose 2*u + q*s - 466 = s, -5*s + 1170 = 5*u. Let m(o) = -30*o - 1. Calculate the remainder when u is divided by m(-2).
55
Suppose -15*l - 5*l + 1620 = 0. Suppose m = -4*y + 37, -3*m + 5*y + 5 + 21 = 0. What is the remainder when l is divided by m?
13
Suppose -4*r = -14 - 6. Suppose -3*s = 2*y + 215, 3*s + 330 = -y - 2*y. Let i = 134 + y. Calculate the remainder when i is divided by r.
4
Let u(k) = -2*k**3 - 41*k**2 - 20*k + 14. Let a be u(-20). What is the remainder when 317 is divided by 3/(1 + (3 - a/4))?
5
Suppose 12*d = 650 - 134. Suppose -14*w - 1374 + 3684 = 0. What is the remainder when w is divided by d?
36
What is the remainder when 326 is divided by (-11)/(-3)*((-486)/(-27) + -12)?
18
Suppose 3*g + 5*c = 829, g + 4*g - 4*c = 1283. Let d = -75 + 141. What is the remainder when g is divided by d?
65
Suppose 5*s = 4*d - 0*s + 197, 0 = -4*s + 20. Let f = d + 46. Calculate the remainder when 6 is divided by f.
0
Let s(x) = -7*x + 54. Let c be s(9). Let u be c/(-18) + -2*14/(-8). Suppose -2*j + 26 - u = 0. What is the remainder when 21 is divided by j?
10
Suppose -208*v + 820 = -22*v - 22*v. Calculate the remainder when 2742 is divided by v.
2
Let b be -2*(1 + 0) - 1. Let f(m) = 2*m**2 + 5*m + 4. Calculate the remainder when 6 + 12*234/216 is divided by f(b).
5
Let k = 32 + 36. Suppose k = 2*y + 214. Let w = -46 - y. What is the remainder when w is divided by 10?
7
Suppose 3*x = -9, -3*x + 8 = m - 69. What is the remainder when 1802 is divided by m?
82
Let k(m) = -64*m - 1739. What is the remainder when k(-61) is divided by 57?
56
Let d(f) = -3*f - 27. Let w be d(-11). Suppose -w*z + z + 19 = 2*i, -135 = -5*i + 5*z. What is the remainder when i is divided by 15?
7
Suppose 0 = -10*o - o - 11. What is the remainder when 186 is divided by o + (3 - -31) + (7 - 2)?
34
Let x = 1072 + -719. What is the remainder when x is divided by 118?
117
Let p(x) = -24*x**2 - 48*x - x**3 + 3*x**2 + 100*x - 31*x - 14. Calculate the remainder when 31 is divided by p(-22).
7
Suppose 7*z = 4*t + 3508, t + 2 = -0. What is the remainder when z is divided by 9?
5
Let v = 19 + -4. Suppose 4*b = 69 + v. Calculate the remainder when (-4)/40 + (-1402)/(-20) is divided by b.
7
Let g = 10